5aa47 + 0?
5aa47
In base 13, what is 3895 - 49?
3849
In base 6, what is 1422 + -32?
1350
In base 11, what is 25174 - 2?
25172
In base 10, what is 408 - -1087?
1495
In base 9, what is 1 + -6456?
-6455
In base 3, what is 110201201 - 20010?
110111121
In base 8, what is 271563 - 2?
271561
In base 8, what is -113 + -17?
-132
In base 7, what is 104 + -20155?
-20051
In base 13, what is 590a1 - 2?
5909c
In base 16, what is -d - -4ad0?
4ac3
In base 6, what is -10 + -15253?
-15303
In base 3, what is 11100 + 111?
11211
In base 16, what is 9 + -517?
-50e
In base 5, what is -10322 - -320?
-10002
In base 2, what is 11111 - -1000010101100?
1000011001011
In base 7, what is -105135 - -4?
-105131
In base 10, what is 127479 - -10?
127489
In base 7, what is 34603 + 15?
34621
In base 15, what is 47e - c29?
-79a
In base 10, what is 651032 - 3?
651029
In base 13, what is 2543 - 4?
253c
In base 9, what is 2351 + 182?
2543
In base 3, what is 202 + -22001120?
-22000211
In base 11, what is -3a + 22980?
22941
In base 10, what is 304376 - -1?
304377
In base 5, what is -11303431 + 3?
-11303423
In base 13, what is b7 + 1c?
106
In base 15, what is -d30 + -13?
-d43
In base 7, what is -30233 - 30?
-30263
In base 15, what is -24d1 + d2?
-23ee
In base 15, what is -10 - 1134e?
-1135e
In base 8, what is 52137 + -2?
52135
In base 13, what is -18a847 + -5?
-18a84c
In base 10, what is 4484 - -24?
4508
In base 4, what is 1003202321 - -3?
1003202330
In base 15, what is 2 - -467e6?
467e8
In base 7, what is -3450145 - 3?
-3450151
In base 9, what is 17003 - -2?
17005
In base 6, what is 22451 - 1?
22450
In base 8, what is 103 + -24775?
-24672
In base 12, what is -5 - -3b1505?
3b1500
In base 11, what is 18688 - -13?
186a0
In base 4, what is -321 + -111303331?
-111310312
In base 14, what is -3 + -1568?
-156b
In base 15, what is -2301b9 - -4?
-2301b5
In base 16, what is -2583 - -1?
-2582
In base 2, what is 110001001 + 100001110?
1010010111
In base 4, what is 1203312010 - 20?
1203311330
In base 14, what is 17 + 727?
740
In base 6, what is 502523 - 11?
502512
In base 9, what is -227817 + 3?
-227814
In base 13, what is -12 + -182b8?
-182ca
In base 5, what is 1422142 + 1?
1422143
In base 14, what is -42d - 1d?
-44c
In base 3, what is 10 - -20121211?
20121221
In base 15, what is 1d07 - -e?
1d16
In base 13, what is -3 - 5019?
-501c
In base 11, what is -23 - 1835?
-1858
In base 9, what is 3623518 + -3?
3623515
In base 9, what is -8134 - 301?
-8435
In base 6, what is -145330 - 23?
-145353
In base 3, what is -202220 + -210?
-210200
In base 7, what is -20 - 210411?
-210431
In base 11, what is -3938 + -16?
-3953
In base 13, what is -2 + 93541?
9353c
In base 2, what is -1 + 1001110100110110?
1001110100110101
In base 13, what is -6 - 8469?
-8472
In base 11, what is 28510 + -5?
28506
In base 12, what is -b25309 - 0?
-b25309
In base 14, what is 1ab - 3?
1a8
In base 3, what is 201111 - -11200?
220011
In base 13, what is 1647 + -9?
163b
In base 6, what is -1045335 + -3?
-1045342
In base 14, what is -1498d + 1?
-1498c
In base 5, what is -342141140 - 2?
-342141142
In base 15, what is 5 - 3e35?
-3e30
In base 8, what is 12420 + 143?
12563
In base 5, what is -2114 - 102?
-2221
In base 8, what is 16121 - -162?
16303
In base 14, what is -1bd8 - 5a?
-1c54
In base 16, what is 44 + 468b?
46cf
In base 12, what is -1 + b51b?
b51a
In base 13, what is -27 + -626c?
-6296
In base 13, what is -17 + -17734?
-1774b
In base 9, what is 4512557 + 2?
4512560
In base 9, what is -335307 + -5?
-335313
In base 16, what is -2979 + 2b?
-294e
In base 6, what is 2431 - -144?
3015
In base 11, what is -3a26 + 31?
-39a5
In base 14, what is 2894 + 8b?
2941
In base 7, what is -3455 - -42?
-3413
In base 7, what is 56053 + -3?
56050
In base 7, what is 53055 + 24?
53112
In base 8, what is 212314 + -3?
212311
In base 6, what is 1 - -523050?
523051
In base 6, what is 1242 + 202?
1444
In base 16, what is 124 - -6b?
18f
In base 12, what is -18412 - 3?
-18415
In base 2, what is 10111001001 + -100100?
10110100101
In base 12, what is -3b9749 - -2?
-3b9747
In base 11, what is 5397 + -133?
5264
In base 12, what is -1 - 17757?
-17758
In base 16, what is 692 - -c1?
753
In base 14, what is 88774 + 1?
88775
In base 12, what is -4b + -18a?
-219
In base 8, what is 56256 - 3?
56253
In base 5, what is 3 - 24003413?
-24003410
In base 6, what is 1 - 4401453?
-4401452
In base 7, what is 4 - -21561?
21565
In base 13, what is 2b11a5c - -2?
2b11a61
In base 3, what is 10112001100 + 10?
10112001110
In base 12, what is -3 + 237b?
2378
In base 7, what is 4 + 23343?
23350
In base 16, what is -c86a - 0?
-c86a
In base 12, what is -55b4 + -1b?
-5613
In base 4, what is 11312 - 133223?
-121311
In base 13, what is -c6 - 151?
-247
In base 13, what is -335 + -5b?
-393
In base 8, what is 7 - -641?
650
In base 2, what is 110001100000100001010 + 0?
110001100000100001010
In base 8, what is -233 + 12033?
11600
In base 3, what is 10121210 - 1?
10121202
In base 14, what is 670 + 446?
ab6
In base 8, what is 1313 + -1145?
146
In base 2, what is -1000111100101 + -1001101?
-1001000110010
In base 2, what is -10001100011 + 1110101?
-1111101110
In base 6, what is 110 + -442?
-332
In base 8, what is 4 + -41175?
-41171
In base 7, what is 403 + 10416?
11122
In base 11, what is -263 - 1334?
-1597
In base 2, what is 1011 + -111000011101?
-111000010010
In base 4, what is 23233 + 1223?
31122
In base 3, what is 1 - -202020110002?
202020110010
In base 5, what is -4 - -311442?
311433
In base 7, what is 2 + 1020622?
1020624
In base 4, what is 22131232 - 3?
22131223
In base 3, what is -20 + 2110212212?
2110212122
In base 15, what is 65d - -4?
662
In base 16, what is 151 + -410?
-2bf
In base 16, what is -1 + -146f?
-1470
In base 16, what is 17794 + -1?
17793
In base 5, what is 30 + 2144302?
2144332
In base 12, what is 1 - 220b29?
-220b28
In base 9, what is 550 - 280?
260
In base 7, what is 2 + -636162?
-636160
In base 7, what is -106303 - 5?
-106311
In base 9, what is -46 - 3867?
-4024
In base 5, what is 30444 + -112?
30332
In base 2, what is -1101000110010001 + -1001?
-1101000110011010
In base 4, what is 20 + 3002300?
3002320
In base 5, what is 4201403 - -2?
4201410
In base 9, what is 1 + -64476?
-64475
In base 2, what is 1010010100 + -11101111?
110100101
In base 3, what is -100200020110 - 10?
-100200020120
In base 3, what is -212220 - 0?
-212220
In base 6, what is -300 - 30305?
-31005
In base 7, what is -201 + -465?
-666
In base 3, what is -1011 + 101121221?
101120210
In base 11, what is 4 - 2516?
-2512
In base 13, what is 1 + -68a?
-689
In base 5, what is -4432 + 0?
-4432
In base 10, what is 91215 + -1?
91214
In base 11, what is -27 - 489?
-505
In base 5, what is -32 + 24323314?
24323232
In base 7, what is -4 + -5122245?
-5122252
In base 10, what is 14100 + -29?
14071
In base 3, what is 22221 - -2000?
101221
In base 8, what is -110667 - 3?
-110672
In base 12, what is 2 + 2b6a0?
2b6a2
In base 12, what is -22 + 104b?
1029
In base 14, what is 39 - 59d4?
-5999
In base 10, what is -4 + -238717?
-238721
In base 6, what is 1252240 + -3?
1252233
In base 6, what is 1053 - 2233?
-1140
In base 6, what is 122 + -55442?
-55320
In base 15, what is 7bcbc + 1?
7bcbd
In base 14, what is -3 - -144c?
1449
In base 8, what is 5362 + -2212?
3150
In base 14, what is 44a - 15?
435
In base 8, what is 336 - -25723?
26261
In base 13, what is -b8c10c - -5?
-b8c107
In base 15, what is -49ed + 1?
-49ec
In base 2, what is 10010000111011 - 11110111?
10001101000100
In base 9, what is -47607 - 1?
-47608
In base 2, what is -11 + -101011100011110100?
-101011100011110111
In base 5, what is -3 - -44222303?
44222300
In base 15, what is -73 + -366?
-3d9
In base 4, what is -11 - -1113123023?
1113123012
In base 3, what is 11 - 100010?
-22222
In base 5, what is -3122133 - -30?
-3122103
In base 16, what is 24b + -49?
202
In base 11, what is a + 3a7004?
3a7013
In base 4, what is -3 + -11131?
-11200
In base 3, what is 1201112120 - 0?
1201112120
In base 12, what is -351411 - -4?
-351409
In base 14, what is 5c + -2500?
-2482
In base 6, what is -4 + 100355?
100351
In base 16, what is -21b + 79?
-1a2
In base 13, what is -391c8 + -1?
-391c9
In base 5, what is 42424 - 2?
42422
In base 6, what is 11434 - -500?
12334
In base 9, what is 446531 + 2?
446533